e ten millions digit of 21418041?
2
What is the tens digit of 83643?
4
What is the hundreds digit of 847722?
7
What is the tens digit of 523579?
7
What is the tens digit of 4998311?
1
What is the thousands digit of 308166?
8
What is the hundred thousands digit of 369275?
3
What is the hundred thousands digit of 9487965?
4
What is the ten thousands digit of 6083908?
8
What is the tens digit of 1324603?
0
What is the hundreds digit of 130426?
4
What is the millions digit of 1261592?
1
What is the ten thousands digit of 87574?
8
What is the hundred thousands digit of 2854397?
8
What is the thousands digit of 5333917?
3
What is the tens digit of 728786?
8
What is the ten thousands digit of 825945?
2
What is the hundreds digit of 282765?
7
What is the hundreds digit of 42650144?
1
What is the tens digit of 707073?
7
What is the ten thousands digit of 950428?
5
What is the units digit of 13545899?
9
What is the thousands digit of 404795?
4
What is the ten millions digit of 19753906?
1
What is the tens digit of 11678071?
7
What is the tens digit of 10920948?
4
What is the units digit of 223432?
2
What is the thousands digit of 71988?
1
What is the hundred thousands digit of 698366?
6
What is the thousands digit of 37043920?
3
What is the thousands digit of 2422517?
2
What is the hundreds digit of 7172?
1
What is the tens digit of 354092?
9
What is the hundred thousands digit of 697359?
6
What is the ten thousands digit of 13778181?
7
What is the tens digit of 3520481?
8
What is the hundred thousands digit of 1909518?
9
What is the units digit of 433911?
1
What is the tens digit of 3254715?
1
What is the units digit of 3015767?
7
What is the millions digit of 19454117?
9
What is the thousands digit of 49733?
9
What is the thousands digit of 32362?
2
What is the units digit of 263018?
8
What is the hundred thousands digit of 4210863?
2
What is the hundred thousands digit of 519589?
5
What is the ten thousands digit of 53777?
5
What is the millions digit of 1092949?
1
What is the tens digit of 13788537?
3
What is the ten thousands digit of 353395?
5
What is the millions digit of 4986183?
4
What is the units digit of 85943?
3
What is the thousands digit of 340580?
0
What is the hundred thousands digit of 128060?
1
What is the hundreds digit of 633061?
0
What is the thousands digit of 4315247?
5
What is the hundred thousands digit of 7601831?
6
What is the thousands digit of 194908?
4
What is the hundreds digit of 17281430?
4
What is the hundreds digit of 202949?
9
What is the hundreds digit of 771853?
8
What is the tens digit of 2869321?
2
What is the units digit of 53953?
3
What is the hundreds digit of 6241866?
8
What is the tens digit of 76951?
5
What is the units digit of 365177?
7
What is the millions digit of 17364628?
7
What is the thousands digit of 568409?
8
What is the hundred thousands digit of 479255?
4
What is the millions digit of 4581795?
4
What is the ten thousands digit of 256566?
5
What is the tens digit of 88403?
0
What is the tens digit of 11324034?
3
What is the hundred thousands digit of 725689?
7
What is the hundreds digit of 499355?
3
What is the units digit of 5945993?
3
What is the units digit of 209417?
7
What is the units digit of 10634239?
9
What is the ten thousands digit of 10619812?
1
What is the units digit of 236631?
1
What is the ten thousands digit of 276944?
7
What is the hundreds digit of 92420?
4
What is the ten millions digit of 39903513?
3
What is the millions digit of 14180911?
4
What is the hundreds digit of 1381949?
9
What is the thousands digit of 930644?
0
What is the thousands digit of 8380460?
0
What is the ten thousands digit of 3759634?
5
What is the ten thousands digit of 750876?
5
What is the thousands digit of 587117?
7
What is the millions digit of 1941986?
1
What is the units digit of 835398?
8
What is the tens digit of 317177?
7
What is the ten thousands digit of 19444423?
4
What is the thousands digit of 452604?
2
What is the thousands digit of 2525016?
5
What is the units digit of 24573?
3
What is the tens digit of 431241?
4
What is the units digit of 22664075?
5
What is the units digit of 7856928?
8
What is the units digit of 35004229?
9
What is the units digit of 42563?
3
What is the hundred thousands digit of 7944325?
9
What is the tens digit of 16473977?
7
What is the thousands digit of 217435?
7
What is the ten thousands digit of 1437995?
3
What is the units digit of 3430627?
7
What is the hundreds digit of 9337421?
4
What is the hundreds digit of 788387?
3
What is the hundreds digit of 1724187?
1
What is the millions digit of 3331437?
3
What is the ten thousands digit of 3879775?
7
What is the ten thousands digit of 239743?
3
What is the thousands digit of 343938?
3
What is the hundreds digit of 220601?
6
What is the units digit of 322808?
8
What is the units digit of 302378?
8
What is the units digit of 453235?
5
What is the ten thousands digit of 87163?
8
What is the ten thousands digit of 109953?
0
What is the thousands digit of 4394278?
4
What is the tens digit of 3356125?
2
What is the thousands digit of 7408760?
8
What is the hundreds digit of 96530?
5
What is the hundred thousands digit of 4938629?
9
What is the hundred thousands digit of 744744?
7
What is the tens digit of 187222?
2
What is the hundred thousands digit of 192396?
1
What is the ten thousands digit of 559323?
5
What is the tens digit of 3405164?
6
What is the units digit of 9426033?
3
What is the hundred thousands digit of 935214?
9
What is the ten thousands digit of 191596?
9
What is the ten thousands digit of 283323?
8
What is the ten thousands digit of 251645?
5
What is the ten thousands digit of 121148?
2
What is the hundreds digit of 129756?
7
What is the tens digit of 164493?
9
What is the tens digit of 109708?
0
What is the hundred thousands digit of 948458?
9
What is the ten thousands digit of 4219287?
1
What is the tens digit of 19654219?
1
What is the units digit of 4226365?
5
What is the thousands digit of 205378?
5
What is the ten millions digit of 16076886?
1
What is the thousands digit of 8767794?
7
What is the hundred thousands digit of 285827?
2
What is the hundred thousands digit of 9382891?
3
What is the hundreds digit of 138032?
0
What is the ten thousands digit of 1502093?
0
What is the ten thousands digit of 2008999?
0
What is the hundred thousands digit of 377312?
3
What is the units digit of 23571?
1
What is the tens digit of 569883?
8
What is the hundred thousands digit of 299976?
2
What is the hundreds digit of 614439?
4
What is the hundreds digit of 1195333?
3
What is the units digit of 5036862?
2
What is the units digit of 281664?
4
What is the tens digit of 22378378?
7
What is the units digit of 17586?
6
What is the hundred thousands digit of 518135?
5
What is the hundred thousands digit of 1027319?
0
What is the tens digit of 40396?
9
What is the thousands digit of 37537719?
7
What is the thousands digit of 270306?
0
What is the hundred thousands digit of 15860406?
8
What is the hundreds digit of 304911?
9
What is the hundred thousands digit of 217656?
2
What is the units digit of 115114?
4
What is the hundred thousands digit of 1217825?
2
What is the tens digit of 1279081?
8
What is the tens digit of 139541?
4
What is the thousands digit of 1827903?
7
What is the units digit of 492953?
3
What is the units digit of 214987?
7
What is the units digit of 1404219?
9
What is the hundred thousands digit of 431046?
4
What is the thousands digit of 1051098?
1
What is the millions digit of 1124552?
1
What is the units digit of 198664?
4
What is the units digit of 10753236?
6
What is the tens digit of 3311234?
3
What is the units digit of 20665773?
3
What is the hundred thousands digit of 624072?
6
What is the tens digit of 973184?
8
What is the thousands digit of 5440238?
0
What is the thousands digit of 57497?
7
What is the tens digit of 687147?
4
What is the millions digit of 1332377?
1
What is the hundred thousands digit of 8830067?
8
What is the units digit of 6598144?
4
What is the hundreds digit of 629570?
5
What is the ten thousands digit of 187068?
8
What is the tens digit of 82680?
8
What is the thousands digit of 856744?
6
What is the hundred thousands digit of 533093?
5
What is the hu